{"id":2222,"date":"2023-06-02T08:18:07","date_gmt":"2023-06-02T05:18:07","guid":{"rendered":"https:\/\/nesugalvotinorai.lt\/?post_type=product&#038;p=2222"},"modified":"2025-09-22T12:07:19","modified_gmt":"2025-09-22T09:07:19","slug":"papuosalu-dezute","status":"publish","type":"product","link":"https:\/\/nesugalvotinorai.lt\/index.php\/product\/papuosalu-dezute\/","title":{"rendered":"Papuo\u0161al\u0173 d\u0117\u017eut\u0117"},"content":{"rendered":"<div class=\"m8h3af8h l7ghb35v kjdc1dyq kmwttqpk gh25dzvf\">Stilinga ir labai reikalinga, kad mylimiausi m\u016bs\u0173 papuo\u0161alai b\u016bt\u0173 saugiai sud\u0117ti ir ranka pasiekiami. Tai ne tik d\u0117\u017eut\u0117 bet ir nam\u0173 dekoro detal\u0117, kuri papuo\u0161 j\u016bs\u0173 naktin\u012f stalel\u012f, komod\u0105 ar vonios kambar\u012f.<\/div>\n<div class=\"m8h3af8h l7ghb35v kjdc1dyq kmwttqpk gh25dzvf\"><\/div>\n<div>Puiki dovana, kiekvienai damai ir vertinan\u010diai i\u0161skirtinius rank\u0173 darbo gaminius. Padovanok savo artimui subtil\u0173, nauding\u0105, dekoratyv\u0173 ir jauk\u0173 nam\u0173 akcent\u0105.<\/div>\n<div class=\"m8h3af8h l7ghb35v kjdc1dyq kmwttqpk gh25dzvf\">D\u0117\u017eut\u0117 turi silikonines ar veltinio kojeles, apsaugan\u010dias baldus nuo \u012fbr\u0117\u017eim\u0173.<\/div>\n<div><\/div>\n<div>Ra\u0161tai gali \u0161iek tiek skirtis nuo vaizdo nuotraukose. Liejant gamin\u012f niekada nepavyksta atkartoti toki\u0173 pa\u010di\u0173 ra\u0161t\u0173, tuo gaminys unikalus ir i\u0161skirtinis.<\/div>\n<div><\/div>\n<div class=\"m8h3af8h l7ghb35v kjdc1dyq kmwttqpk gh25dzvf\">Auk\u0161tis su dangteliu \u2013 10,0 cm.<\/div>\n<div>Skersmuo \u2013 8,0 cm<\/div>\n<div>Spalva \u2013 balta, sm\u0117lio.<\/div>\n","protected":false},"excerpt":{"rendered":"<div class=\"m8h3af8h l7ghb35v kjdc1dyq kmwttqpk gh25dzvf\">\n<div class=\"m8h3af8h l7ghb35v kjdc1dyq kmwttqpk gh25dzvf\">\n<div class=\"m8h3af8h l7ghb35v kjdc1dyq kmwttqpk gh25dzvf\">D\u0117\u017eut\u0117 papuo\u0161alams \u2013 stilinga ir labai reikalinga, kad mylimiausi m\u016bs\u0173 papuo\u0161alai b\u016bt\u0173 saugiai sud\u0117ti ir ranka pasiekiami.<\/div>\n<div class=\"m8h3af8h l7ghb35v kjdc1dyq kmwttqpk gh25dzvf\">\n<div class=\"m8h3af8h l7ghb35v kjdc1dyq kmwttqpk gh25dzvf\">Auk\u0161tis su dangteliu \u2013 10,0 cm.<\/div>\n<div>Skersmuo \u2013 8,0 cm<\/div>\n<div>Spalva \u2013 balta, sm\u0117lio.<\/div>\n<\/div>\n<\/div>\n<\/div>\n","protected":false},"featured_media":2223,"comment_status":"open","ping_status":"closed","template":"","meta":{"site-sidebar-layout":"default","site-content-layout":"content-boxed-container","ast-site-content-layout":"","site-content-style":"default","site-sidebar-style":"default","ast-global-header-display":"","ast-banner-title-visibility":"","ast-main-header-display":"","ast-hfb-above-header-display":"","ast-hfb-below-header-display":"","ast-hfb-mobile-header-display":"","site-post-title":"","ast-breadcrumbs-content":"","ast-featured-img":"","footer-sml-layout":"","theme-transparent-header-meta":"default","adv-header-id-meta":"","stick-header-meta":"","header-above-stick-meta":"","header-main-stick-meta":"","header-below-stick-meta":"","astra-migrate-meta-layouts":""},"product_cat":[30],"product_tag":[],"class_list":{"0":"post-2222","1":"product","2":"type-product","3":"status-publish","4":"has-post-thumbnail","6":"product_cat-namu-dekoro-detales","7":"desktop-align-left","8":"tablet-align-left","9":"mobile-align-left","10":"ast-product-gallery-layout-horizontal-slider","11":"ast-product-tabs-layout-horizontal","13":"first","14":"instock","15":"featured","16":"shipping-taxable","17":"purchasable","18":"product-type-simple"},"yoast_head":"<!-- This site is optimized with the Yoast SEO plugin v24.1 - https:\/\/yoast.com\/wordpress\/plugins\/seo\/ -->\n<title>Papuo\u0161al\u0173 d\u0117\u017eut\u0117 - Nesugalvotinorai<\/title>\n<meta name=\"description\" content=\"D\u0117\u017eut\u0117 papuo\u0161alams, kad mylimiausi papuo\u0161alai b\u016bt\u0173 saugiai sud\u0117ti ir ranka pasiekiami. Stilinga nam\u0173 dekoro detal\u0117, kuri papuo\u0161 j\u016bs\u0173 namus. Puiki dovana, kiekvienai damai, vertinan\u010diai i\u0161skirtinius rank\u0173 darbo gaminius, stili\u0173 ir estetik\u0105. Ma\u017eos, bet naudingos smulkmenos teikia d\u017eiaugsm\u0105.\" \/>\n<meta name=\"robots\" content=\"index, follow, max-snippet:-1, max-image-preview:large, max-video-preview:-1\" \/>\n<link rel=\"canonical\" href=\"https:\/\/nesugalvotinorai.lt\/index.php\/product\/papuosalu-dezute\/\" \/>\n<meta property=\"og:locale\" content=\"lt_LT\" \/>\n<meta property=\"og:type\" content=\"article\" \/>\n<meta property=\"og:title\" content=\"Papuo\u0161al\u0173 d\u0117\u017eut\u0117 - Nesugalvotinorai\" \/>\n<meta property=\"og:description\" content=\"D\u0117\u017eut\u0117 papuo\u0161alams, kad mylimiausi papuo\u0161alai b\u016bt\u0173 saugiai sud\u0117ti ir ranka pasiekiami. Stilinga nam\u0173 dekoro detal\u0117, kuri papuo\u0161 j\u016bs\u0173 namus. Puiki dovana, kiekvienai damai, vertinan\u010diai i\u0161skirtinius rank\u0173 darbo gaminius, stili\u0173 ir estetik\u0105. Ma\u017eos, bet naudingos smulkmenos teikia d\u017eiaugsm\u0105.\" \/>\n<meta property=\"og:url\" content=\"https:\/\/nesugalvotinorai.lt\/index.php\/product\/papuosalu-dezute\/\" \/>\n<meta property=\"og:site_name\" content=\"Nesugalvotinorai\" \/>\n<meta property=\"article:publisher\" content=\"https:\/\/www.facebook.com\/nesugalvotinorai\" \/>\n<meta property=\"article:modified_time\" content=\"2025-09-22T09:07:19+00:00\" \/>\n<meta property=\"og:image\" content=\"https:\/\/nesugalvotinorai.lt\/wp-content\/uploads\/2023\/06\/IMG_20230516_163150_11zon-scaled.jpg\" \/>\n\t<meta property=\"og:image:width\" content=\"1920\" \/>\n\t<meta property=\"og:image:height\" content=\"2560\" \/>\n\t<meta property=\"og:image:type\" content=\"image\/jpeg\" \/>\n<meta name=\"twitter:card\" content=\"summary_large_image\" \/>\n<meta name=\"twitter:label1\" content=\"Est. reading time\" \/>\n\t<meta name=\"twitter:data1\" content=\"1 minut\u0117\" \/>\n<script type=\"application\/ld+json\" class=\"yoast-schema-graph\">{\"@context\":\"https:\/\/schema.org\",\"@graph\":[{\"@type\":\"WebPage\",\"@id\":\"https:\/\/nesugalvotinorai.lt\/index.php\/product\/papuosalu-dezute\/\",\"url\":\"https:\/\/nesugalvotinorai.lt\/index.php\/product\/papuosalu-dezute\/\",\"name\":\"Papuo\u0161al\u0173 d\u0117\u017eut\u0117 - Nesugalvotinorai\",\"isPartOf\":{\"@id\":\"https:\/\/nesugalvotinorai.lt\/#website\"},\"primaryImageOfPage\":{\"@id\":\"https:\/\/nesugalvotinorai.lt\/index.php\/product\/papuosalu-dezute\/#primaryimage\"},\"image\":{\"@id\":\"https:\/\/nesugalvotinorai.lt\/index.php\/product\/papuosalu-dezute\/#primaryimage\"},\"thumbnailUrl\":\"https:\/\/nesugalvotinorai.lt\/wp-content\/uploads\/2023\/06\/IMG_20230516_163150_11zon-scaled.jpg\",\"datePublished\":\"2023-06-02T05:18:07+00:00\",\"dateModified\":\"2025-09-22T09:07:19+00:00\",\"description\":\"D\u0117\u017eut\u0117 papuo\u0161alams, kad mylimiausi papuo\u0161alai b\u016bt\u0173 saugiai sud\u0117ti ir ranka pasiekiami. Stilinga nam\u0173 dekoro detal\u0117, kuri papuo\u0161 j\u016bs\u0173 namus. Puiki dovana, kiekvienai damai, vertinan\u010diai i\u0161skirtinius rank\u0173 darbo gaminius, stili\u0173 ir estetik\u0105. Ma\u017eos, bet naudingos smulkmenos teikia d\u017eiaugsm\u0105.\",\"breadcrumb\":{\"@id\":\"https:\/\/nesugalvotinorai.lt\/index.php\/product\/papuosalu-dezute\/#breadcrumb\"},\"inLanguage\":\"lt-LT\",\"potentialAction\":[{\"@type\":\"ReadAction\",\"target\":[\"https:\/\/nesugalvotinorai.lt\/index.php\/product\/papuosalu-dezute\/\"]}]},{\"@type\":\"ImageObject\",\"inLanguage\":\"lt-LT\",\"@id\":\"https:\/\/nesugalvotinorai.lt\/index.php\/product\/papuosalu-dezute\/#primaryimage\",\"url\":\"https:\/\/nesugalvotinorai.lt\/wp-content\/uploads\/2023\/06\/IMG_20230516_163150_11zon-scaled.jpg\",\"contentUrl\":\"https:\/\/nesugalvotinorai.lt\/wp-content\/uploads\/2023\/06\/IMG_20230516_163150_11zon-scaled.jpg\",\"width\":1920,\"height\":2560},{\"@type\":\"BreadcrumbList\",\"@id\":\"https:\/\/nesugalvotinorai.lt\/index.php\/product\/papuosalu-dezute\/#breadcrumb\",\"itemListElement\":[{\"@type\":\"ListItem\",\"position\":1,\"name\":\"Home\",\"item\":\"https:\/\/nesugalvotinorai.lt\/\"},{\"@type\":\"ListItem\",\"position\":2,\"name\":\"Parduotuv\u0117\",\"item\":\"https:\/\/nesugalvotinorai.lt\/index.php\/parduotuve\/\"},{\"@type\":\"ListItem\",\"position\":3,\"name\":\"Papuo\u0161al\u0173 d\u0117\u017eut\u0117\"}]},{\"@type\":\"WebSite\",\"@id\":\"https:\/\/nesugalvotinorai.lt\/#website\",\"url\":\"https:\/\/nesugalvotinorai.lt\/\",\"name\":\"Nesugalvotinorai\",\"description\":\"\u017evak\u0117s, nam\u0173 kvapai, pad\u0117kliukai, d\u0117\u017eut\u0117s, dekoracijos, dovan\u0173 id\u0117jos, papuo\u0161alai\",\"publisher\":{\"@id\":\"https:\/\/nesugalvotinorai.lt\/#organization\"},\"potentialAction\":[{\"@type\":\"SearchAction\",\"target\":{\"@type\":\"EntryPoint\",\"urlTemplate\":\"https:\/\/nesugalvotinorai.lt\/?s={search_term_string}\"},\"query-input\":{\"@type\":\"PropertyValueSpecification\",\"valueRequired\":true,\"valueName\":\"search_term_string\"}}],\"inLanguage\":\"lt-LT\"},{\"@type\":\"Organization\",\"@id\":\"https:\/\/nesugalvotinorai.lt\/#organization\",\"name\":\"Nesugalvotinorai\",\"url\":\"https:\/\/nesugalvotinorai.lt\/\",\"logo\":{\"@type\":\"ImageObject\",\"inLanguage\":\"lt-LT\",\"@id\":\"https:\/\/nesugalvotinorai.lt\/#\/schema\/logo\/image\/\",\"url\":\"https:\/\/nesugalvotinorai.lt\/wp-content\/uploads\/2023\/05\/cropped-nesugalvoti-norai-vector.png\",\"contentUrl\":\"https:\/\/nesugalvotinorai.lt\/wp-content\/uploads\/2023\/05\/cropped-nesugalvoti-norai-vector.png\",\"width\":1483,\"height\":1371,\"caption\":\"Nesugalvotinorai\"},\"image\":{\"@id\":\"https:\/\/nesugalvotinorai.lt\/#\/schema\/logo\/image\/\"},\"sameAs\":[\"https:\/\/www.facebook.com\/nesugalvotinorai\",\"https:\/\/www.instagram.com\/nesugalvoti_norai\/\"]}]}<\/script>\n<!-- \/ Yoast SEO plugin. -->","yoast_head_json":{"title":"Papuo\u0161al\u0173 d\u0117\u017eut\u0117 - Nesugalvotinorai","description":"D\u0117\u017eut\u0117 papuo\u0161alams, kad mylimiausi papuo\u0161alai b\u016bt\u0173 saugiai sud\u0117ti ir ranka pasiekiami. Stilinga nam\u0173 dekoro detal\u0117, kuri papuo\u0161 j\u016bs\u0173 namus. Puiki dovana, kiekvienai damai, vertinan\u010diai i\u0161skirtinius rank\u0173 darbo gaminius, stili\u0173 ir estetik\u0105. Ma\u017eos, bet naudingos smulkmenos teikia d\u017eiaugsm\u0105.","robots":{"index":"index","follow":"follow","max-snippet":"max-snippet:-1","max-image-preview":"max-image-preview:large","max-video-preview":"max-video-preview:-1"},"canonical":"https:\/\/nesugalvotinorai.lt\/index.php\/product\/papuosalu-dezute\/","og_locale":"lt_LT","og_type":"article","og_title":"Papuo\u0161al\u0173 d\u0117\u017eut\u0117 - Nesugalvotinorai","og_description":"D\u0117\u017eut\u0117 papuo\u0161alams, kad mylimiausi papuo\u0161alai b\u016bt\u0173 saugiai sud\u0117ti ir ranka pasiekiami. Stilinga nam\u0173 dekoro detal\u0117, kuri papuo\u0161 j\u016bs\u0173 namus. Puiki dovana, kiekvienai damai, vertinan\u010diai i\u0161skirtinius rank\u0173 darbo gaminius, stili\u0173 ir estetik\u0105. Ma\u017eos, bet naudingos smulkmenos teikia d\u017eiaugsm\u0105.","og_url":"https:\/\/nesugalvotinorai.lt\/index.php\/product\/papuosalu-dezute\/","og_site_name":"Nesugalvotinorai","article_publisher":"https:\/\/www.facebook.com\/nesugalvotinorai","article_modified_time":"2025-09-22T09:07:19+00:00","og_image":[{"width":1920,"height":2560,"url":"https:\/\/nesugalvotinorai.lt\/wp-content\/uploads\/2023\/06\/IMG_20230516_163150_11zon-scaled.jpg","type":"image\/jpeg"}],"twitter_card":"summary_large_image","twitter_misc":{"Est. reading time":"1 minut\u0117"},"schema":{"@context":"https:\/\/schema.org","@graph":[{"@type":"WebPage","@id":"https:\/\/nesugalvotinorai.lt\/index.php\/product\/papuosalu-dezute\/","url":"https:\/\/nesugalvotinorai.lt\/index.php\/product\/papuosalu-dezute\/","name":"Papuo\u0161al\u0173 d\u0117\u017eut\u0117 - Nesugalvotinorai","isPartOf":{"@id":"https:\/\/nesugalvotinorai.lt\/#website"},"primaryImageOfPage":{"@id":"https:\/\/nesugalvotinorai.lt\/index.php\/product\/papuosalu-dezute\/#primaryimage"},"image":{"@id":"https:\/\/nesugalvotinorai.lt\/index.php\/product\/papuosalu-dezute\/#primaryimage"},"thumbnailUrl":"https:\/\/nesugalvotinorai.lt\/wp-content\/uploads\/2023\/06\/IMG_20230516_163150_11zon-scaled.jpg","datePublished":"2023-06-02T05:18:07+00:00","dateModified":"2025-09-22T09:07:19+00:00","description":"D\u0117\u017eut\u0117 papuo\u0161alams, kad mylimiausi papuo\u0161alai b\u016bt\u0173 saugiai sud\u0117ti ir ranka pasiekiami. Stilinga nam\u0173 dekoro detal\u0117, kuri papuo\u0161 j\u016bs\u0173 namus. Puiki dovana, kiekvienai damai, vertinan\u010diai i\u0161skirtinius rank\u0173 darbo gaminius, stili\u0173 ir estetik\u0105. Ma\u017eos, bet naudingos smulkmenos teikia d\u017eiaugsm\u0105.","breadcrumb":{"@id":"https:\/\/nesugalvotinorai.lt\/index.php\/product\/papuosalu-dezute\/#breadcrumb"},"inLanguage":"lt-LT","potentialAction":[{"@type":"ReadAction","target":["https:\/\/nesugalvotinorai.lt\/index.php\/product\/papuosalu-dezute\/"]}]},{"@type":"ImageObject","inLanguage":"lt-LT","@id":"https:\/\/nesugalvotinorai.lt\/index.php\/product\/papuosalu-dezute\/#primaryimage","url":"https:\/\/nesugalvotinorai.lt\/wp-content\/uploads\/2023\/06\/IMG_20230516_163150_11zon-scaled.jpg","contentUrl":"https:\/\/nesugalvotinorai.lt\/wp-content\/uploads\/2023\/06\/IMG_20230516_163150_11zon-scaled.jpg","width":1920,"height":2560},{"@type":"BreadcrumbList","@id":"https:\/\/nesugalvotinorai.lt\/index.php\/product\/papuosalu-dezute\/#breadcrumb","itemListElement":[{"@type":"ListItem","position":1,"name":"Home","item":"https:\/\/nesugalvotinorai.lt\/"},{"@type":"ListItem","position":2,"name":"Parduotuv\u0117","item":"https:\/\/nesugalvotinorai.lt\/index.php\/parduotuve\/"},{"@type":"ListItem","position":3,"name":"Papuo\u0161al\u0173 d\u0117\u017eut\u0117"}]},{"@type":"WebSite","@id":"https:\/\/nesugalvotinorai.lt\/#website","url":"https:\/\/nesugalvotinorai.lt\/","name":"Nesugalvotinorai","description":"\u017evak\u0117s, nam\u0173 kvapai, pad\u0117kliukai, d\u0117\u017eut\u0117s, dekoracijos, dovan\u0173 id\u0117jos, papuo\u0161alai","publisher":{"@id":"https:\/\/nesugalvotinorai.lt\/#organization"},"potentialAction":[{"@type":"SearchAction","target":{"@type":"EntryPoint","urlTemplate":"https:\/\/nesugalvotinorai.lt\/?s={search_term_string}"},"query-input":{"@type":"PropertyValueSpecification","valueRequired":true,"valueName":"search_term_string"}}],"inLanguage":"lt-LT"},{"@type":"Organization","@id":"https:\/\/nesugalvotinorai.lt\/#organization","name":"Nesugalvotinorai","url":"https:\/\/nesugalvotinorai.lt\/","logo":{"@type":"ImageObject","inLanguage":"lt-LT","@id":"https:\/\/nesugalvotinorai.lt\/#\/schema\/logo\/image\/","url":"https:\/\/nesugalvotinorai.lt\/wp-content\/uploads\/2023\/05\/cropped-nesugalvoti-norai-vector.png","contentUrl":"https:\/\/nesugalvotinorai.lt\/wp-content\/uploads\/2023\/05\/cropped-nesugalvoti-norai-vector.png","width":1483,"height":1371,"caption":"Nesugalvotinorai"},"image":{"@id":"https:\/\/nesugalvotinorai.lt\/#\/schema\/logo\/image\/"},"sameAs":["https:\/\/www.facebook.com\/nesugalvotinorai","https:\/\/www.instagram.com\/nesugalvoti_norai\/"]}]}},"_links":{"self":[{"href":"https:\/\/nesugalvotinorai.lt\/index.php\/wp-json\/wp\/v2\/product\/2222","targetHints":{"allow":["GET"]}}],"collection":[{"href":"https:\/\/nesugalvotinorai.lt\/index.php\/wp-json\/wp\/v2\/product"}],"about":[{"href":"https:\/\/nesugalvotinorai.lt\/index.php\/wp-json\/wp\/v2\/types\/product"}],"replies":[{"embeddable":true,"href":"https:\/\/nesugalvotinorai.lt\/index.php\/wp-json\/wp\/v2\/comments?post=2222"}],"wp:featuredmedia":[{"embeddable":true,"href":"https:\/\/nesugalvotinorai.lt\/index.php\/wp-json\/wp\/v2\/media\/2223"}],"wp:attachment":[{"href":"https:\/\/nesugalvotinorai.lt\/index.php\/wp-json\/wp\/v2\/media?parent=2222"}],"wp:term":[{"taxonomy":"product_cat","embeddable":true,"href":"https:\/\/nesugalvotinorai.lt\/index.php\/wp-json\/wp\/v2\/product_cat?post=2222"},{"taxonomy":"product_tag","embeddable":true,"href":"https:\/\/nesugalvotinorai.lt\/index.php\/wp-json\/wp\/v2\/product_tag?post=2222"}],"curies":[{"name":"wp","href":"https:\/\/api.w.org\/{rel}","templated":true}]}}